uppose -2*q + p = q. What is the tens digit of q?
1
Let v(m) = -m**2 + 3*m + 7. Let f be v(5). Let s be (-4)/f*(-60)/8. What is the units digit of (-2)/(-10) - 8/s?
1
What is the tens digit of 1/(15/(-2)) - 173120/(-150)?
5
Suppose 2*b = 9 - 5. Suppose 177 = 3*z - i - b*i, -2*i - 301 = -5*z. What is the units digit of z?
1
Suppose -3*t + 22 = -5*t - 2*m, 0 = -3*m. Let c(r) = r**2 + 7*r + 2. Let d be c(t). Suppose -5*s + 0*s - d = -2*l, -l + 3*s = -25. What is the units digit of l?
3
Suppose -36*f = -38*f + 592. What is the hundreds digit of f?
2
Let s be (-1 - (-1 + 0)) + 4. Let u = 293 - 293. Suppose s*r - 71 = -4*h + 3*r, u = -3*r + 9. What is the tens digit of h?
1
Let b = -5 + -2. Let j be 168/49 + 3/b. Let w(c) = 2*c**3 - c**2 - 3*c. What is the units digit of w(j)?
6
Suppose 3*a = a. Suppose 4*d + a*d + 216 = 0. Let n = d + 101. What is the units digit of n?
7
What is the units digit of ((-88)/3)/(8 + 286/(-33))?
4
What is the tens digit of (-2265132)/(-644) + 4/(-14)?
1
Suppose -5*y + 3 = -4*c + 3*c, 4*y - 120 = 5*c. Let u = c - -25. Let w = u - -33. What is the units digit of w?
0
Suppose -5*w - 290 + 33 = -4*m, -3*w = -2*m + 129. Suppose -339 = -3*i - m. What is the tens digit of i?
9
Suppose -4*q - n = -q - 735, q - 5*n - 261 = 0. What is the units digit of q?
6
Let h = -6 + 9. Let m = -64 + 67. What is the tens digit of 53/h - (-1)/m?
1
Let h = -27 - -46. Suppose 5*p + 154 - h = 2*w, -5*p + 215 = 3*w. What is the tens digit of w?
7
Suppose 2540 = -74*w + 84*w. What is the tens digit of w?
5
Let g = -1223 + 1728. What is the hundreds digit of g?
5
Let o = -58 - -490. Suppose -3*n = -5*h + 574, -4*h + 3*n + 26 + o = 0. What is the units digit of h?
6
Let w = -7 - -5. Suppose 0*m = 2*m - 8. Let a = m + w. What is the units digit of a?
2
Let r(f) = -7*f + 6. Let u be (-6)/39 - 76/13. What is the units digit of r(u)?
8
Let s(f) = 19*f**2 - 10*f + 56. What is the hundreds digit of s(5)?
4
Let j = 23 + -38. Let v = -13 - j. What is the units digit of v?
2
Let f(l) = 2*l - 18. Let g be f(9). Suppose -4*x + 223 + 137 = g. Suppose 25*q - 30*q + x = 0. What is the units digit of q?
8
Let o(p) = -p**2 - 7*p - 12. Let j be o(-8). What is the units digit of ((-14)/(-4))/((j/5)/(-8))?
7
Suppose -i - 2*f - 10 = 0, 35 = -5*i + 2*f - 7*f. Let q(z) = 2*z**2 - 10*z + 5. What is the units digit of q(i)?
7
Let k be ((-2)/7)/(6/(-84)). Suppose 2*l - 1 = -3, k*i - 2*l + 478 = 0. What is the tens digit of (-1 - i/(-4))*-1?
3
Let n = 6 + -12. Let a(q) = q**3 + 5*q**2 - 6*q - 2. Let l be a(n). Let m = 7 + l. What is the units digit of m?
5
Let q(k) = -1 + 5 + 17*k - 6. What is the tens digit of q(4)?
6
Suppose -5 = 5*l, s - 2*l - 26 = -s. Suppose 5*v + s = 8*v. Suppose v*x + 4*a + 17 = 77, 3*x + 4*a - 44 = 0. What is the tens digit of x?
1
Let h(k) = -k**3 + 19*k**2 + 33*k + 64. What is the units digit of h(20)?
4
Let i = -21 + 249. What is the units digit of i?
8
What is the units digit of (-273)/((-642)/156 + 4) + -1?
5
Let u be ((-1)/2 - 1)*18. Let p = u - -31. Suppose 0 = -n - p, 5*o - 177 = -3*n + 6*n. What is the units digit of o?
3
Suppose -5*j + 3*k = -27, -j + 0*j + 7 = -k. Let c be (-33)/11 + (j - 1). What is the tens digit of 2 + c - 378/(-7)?
5
What is the units digit of (22 + -21)/(2 + 273/(-137))?
7
Let b be 12/(-9) - (-190)/3. Let z = 140 - b. What is the units digit of z?
8
Suppose -4*c + c - p + 928 = 0, -4*p - 8 = 0. What is the tens digit of c?
1
Let i(j) = j - 16. Let w be i(8). Let x be (-5)/(-20) + (-14)/w. What is the tens digit of 1 + 1 + 16 + x?
2
Let q(b) = -58*b + 46*b + b**3 - 21*b**2 + 1 + 34*b. What is the units digit of q(20)?
1
Let s = 15 + -25. Let k = -271 + 406. What is the units digit of (-2)/1*k/s?
7
Suppose 4506 = -83*k + 89*k. What is the tens digit of k?
5
Let a = 98 - 38. Let v = a + 1. What is the tens digit of v?
6
Let d(s) = 15*s**2 - s - 1. Let y be d(-1). Let v = y + -10. Suppose v*h = -5 + 100. What is the tens digit of h?
1
Let s(r) be the second derivative of r**5/20 + 5*r**4/12 - r**3 - 71*r - 2. Suppose -7 - 8 = 3*m. What is the tens digit of s(m)?
3
What is the tens digit of 22*2*(-3 - (-53)/4)?
5
Let i be 9/(-6)*6*-1. Suppose 70 = 5*j + 3*n, 0*j - 4*n = -j - i. Suppose j = 3*p - 10. What is the units digit of p?
7
Let z be 36/24*(0 + 118). Suppose 693 = 6*f + z. What is the units digit of f?
6
Let b = -300 - -631. What is the units digit of b?
1
Let o = 865 + -503. What is the hundreds digit of o?
3
Let z(j) = 10*j**2 + 6*j - 1. Let c(q) = 21*q**2 + 12*q - 1. Let f(b) = -6*c(b) + 13*z(b). What is the units digit of f(3)?
7
Let g(l) = 35*l**3 - 2*l + 2. Let p be g(1). What is the tens digit of 48/(-40)*p/(-3)?
1
Let j(n) = n + 29. Let x be j(-21). Suppose -x*l = -107 - 1061. What is the units digit of l?
6
What is the hundreds digit of (549744/20)/13 - (-4)/(-10)?
1
Let m = 3644 - 2497. What is the hundreds digit of m?
1
Let w = 0 - 73. Let a = 0 - w. What is the tens digit of a?
7
Let r = 388 - 131. Suppose -7*s = -128 - r. What is the units digit of s?
5
Suppose i + 5*t = 5*i, -4*i + 3*t + 8 = 0. Let f(u) = 2 - 22*u**2 + 23*u**2 - 4. What is the units digit of f(i)?
3
Let x(f) = 7*f - 8. Let i be x(2). What is the tens digit of 79 - 2/(-3)*27/i?
8
Let f be ((-4 - -3)*10)/(-2). Suppose -4*v - 146 = -f*v. What is the hundreds digit of v?
1
Let r = -69 + 74. Suppose -2*g + 3*n + 451 = -2*n, 0 = -r*g + 2*n + 1180. What is the hundreds digit of g?
2
Let l(r) = r**3 + 5*r**2 - 5*r - 5. Let j be l(-6). What is the tens digit of -2 + j/(-6) + 481/6?
8
Let p(i) = -5*i - 47. Let l be p(-11). Let g(b) = b**3 - 5*b**2 - 13*b + 9. What is the tens digit of g(l)?
9
Let c be (-6)/4 + 57/2. Suppose -16 = -c*z + 23*z. What is the units digit of z?
4
Suppose 0 = 328*r - 305*r - 82938. What is the thousands digit of r?
3
Let c = 6081 - 3476. What is the tens digit of c?
0
What is the tens digit of -11 + 6895/10 - (-2)/4?
7
Suppose 126 = c + 11. Let r = 204 - c. What is the units digit of r?
9
Let d(y) = 134*y - 657. What is the units digit of d(7)?
1
Let n be (5/3)/((-2)/(-66)). Suppose 0 = 4*h - 61 - n. Suppose d - 3*x - h = x, -3*x - 77 = -5*d. What is the units digit of d?
3
What is the tens digit of 994/21 + 16/24?
4
Let v be 1/((-3)/(-15) - 0). Suppose 0 = v*a + 3*k - 25, -2*a - 5*k + 44 = 15. Suppose a*d - 15 = -3*d. What is the units digit of d?
3
Let c = 69 + -49. Suppose c = -4*p - 8. Let q = 19 + p. What is the units digit of q?
2
Let f be 0/(-4 - (1 - 3)). Let x be 167 + f + 2 - 1. What is the tens digit of 6/(-12)*x/(-2)?
4
Let m be 1 + -72 + 1 + 0. Let w = -49 - m. Let d = 44 - w. What is the units digit of d?
3
Let l = 6401 - 2337. What is the units digit of l?
4
Suppose x = -4*i + 7*i + 523, 2106 = 4*x + 2*i. What is the units digit of x?
6
Let x be -1 + ((-24)/36)/(2/309). What is the tens digit of 13/(x/(-16))*147/2?
4
Let n(k) = k**3 + 16*k**2 + 4*k - 88. What is the hundreds digit of n(-11)?
4
What is the tens digit of -3 + 721 + (-8 - -12)?
2
Suppose 2*r = v - 419, 0 = 2*r - 6 + 10. What is the tens digit of v?
1
Let t = -505 - -1115. What is the hundreds digit of t?
6
Let o = -110 + 97. What is the units digit of ((4 + o)/(-3))/3?
1
Suppose 89*b - 83*b = 5532. What is the units digit of b?
2
Let s be 10/(-5)*1 + 34. What is the tens digit of (23/(-2))/((-16)/s)?
2
Let v = 43 + -5. Let w = v + -20. What is the tens digit of w?
1
Suppose -p + 4*p + 12 = 0, 2*j + 2 = -p. What is the units digit of j?
1
Suppose -231 = -4*k + g, 3*g = -7*k + 4*k + 177. What is the units digit of k?
8
Suppose 0 = -0*w + 4*w - 20, -3*w - 260 = 5*o. What is the tens digit of o*(4 + (-104)/20)?
6
Let t be -4 + 8 + -4 + 2. Suppose -t*r = -54 - 70. What is the units digit of r?
2
Let n(k) = -15*k - 71. Let l(d) = -2*d + 13. Let x be l(11). What is the tens digit of n(x)?
6
Let p be 280/12*-1*6. What is the units digit of (29 + 1)*p/(-60)?
0
Let r be -7 + 7 + 104/1. Let u = 167 + r. What is the tens digit of u?
7
Let o be 3/(((-2)/(-14))/1). Let k be o/2 - 2/(-4). Let x = -2 + k. What is the units digit of x?
9
What is the hundreds digit of (-4 - (1 + -6))*244?
2
Let a be 47 - 2 - (2 + -1). What is the units digit of (-6)/4 + a/8?
4
What is the units digit of 17/(238/4940) + (-2)/(-14)?
3
What is the tens digit of ((-135)/2 + 0